{"id":35,"date":"2019-01-30T22:12:13","date_gmt":"2019-01-30T21:12:13","guid":{"rendered":"https:\/\/master-astrophysique.univ-lyon1.fr\/?page_id=35"},"modified":"2021-09-01T16:59:37","modified_gmt":"2021-09-01T14:59:37","slug":"m1-a-montpellier","status":"publish","type":"page","link":"https:\/\/master-astrophysique.univ-lyon1.fr\/index.php\/m1-a-montpellier\/","title":{"rendered":"M1 \u00e0 Montpellier"},"content":{"rendered":"\n<p>En premi\u00e8re ann\u00e9e, commune avec le parcours CCP (Cosmos, Champs et Particules), l\u2019\u00e9tudiant se familiarise avec les bases de la physique fondamentale.<\/p>\n\n\n\n<h2 class=\"wp-block-heading\">Semestre 1<\/h2>\n\n\n\n<p>Le semestre 1 est en partie mutualis\u00e9 avec les autres parcours, avec quatre unit\u00e9s d\u2019enseignement (UE) de physique fondamentale : <a rel=\"noreferrer noopener\" href=\"https:\/\/formations.umontpellier.fr\/fr\/formations\/master-XB\/master-physique-fondamentale-et-applications-ME155\/astrophysique-IWVYR3WU\/m1-astro-ccp-KK6OTZE4\/physique-experimentale-KNR3POZG.html\" target=\"_blank\">physique exp\u00e9rimentale<\/a> (5 ECTS), <a rel=\"noreferrer noopener\" href=\"https:\/\/formations.umontpellier.fr\/fr\/formations\/master-XB\/master-physique-fondamentale-et-applications-ME155\/astrophysique-IWVYR3WU\/m1-astro-ccp-KK6OTZE4\/atomes-molecules-et-rayonnement-KNR3PPXP.html\" target=\"_blank\">atomes, mol\u00e9cules et rayonnement<\/a> (5 ECTS), <a rel=\"noreferrer noopener\" href=\"https:\/\/formations.umontpellier.fr\/fr\/formations\/master-XB\/master-physique-fondamentale-et-applications-ME155\/astrophysique-IWVYR3WU\/m1-astro-ccp-KK6OTZE4\/modelisation-et-simulation-en-physique-KNR3PQ3G.html\" target=\"_blank\">mod\u00e9lisation et simulation en physique<\/a> (5 ECTS), et <a href=\"https:\/\/formations.umontpellier.fr\/fr\/formations\/master-XB\/master-physique-fondamentale-et-applications-ME155\/physique-de-la-matiere-complexe-et-desordonnee-softmat-KIPOPRH6\/m1-physique-de-la-matiere-complexe-et-desordonnee-softmat-KK6OY7J9\/hydrodynamique-KNR3STWX.html\" target=\"_blank\" rel=\"noreferrer noopener\">hydrodynamique<\/a> (4 ECTS) . Il contient toutefois deux UEs de sp\u00e9cialit\u00e9&nbsp;: <a rel=\"noreferrer noopener\" href=\"https:\/\/formations.umontpellier.fr\/fr\/formations\/master-XB\/master-physique-fondamentale-et-applications-ME155\/astrophysique-IWVYR3WU\/m1-astro-ccp-KK6OTZE4\/astrophysique-1-KNR3PQBF.html\" target=\"_blank\">astrophysique<\/a> (3 ECTS) et <a rel=\"noreferrer noopener\" href=\"https:\/\/formations.umontpellier.fr\/fr\/formations\/master-XB\/master-physique-fondamentale-et-applications-ME155\/astrophysique-IWVYR3WU\/m1-astro-ccp-KK6OTZE4\/cosmologie-1-KNR3PP56.html\" target=\"_blank\">relativit\u00e9 g\u00e9n\u00e9rale et cosmologie<\/a> (3 ECTS). Il comporte \u00e9galement un <a rel=\"noreferrer noopener\" href=\"https:\/\/formations.umontpellier.fr\/fr\/formations\/master-XB\/master-physique-fondamentale-et-applications-ME155\/astrophysique-IWVYR3WU\/m1-astro-ccp-KK6OTZE4\/projet-astrophysique-1-KNR3PPI2.html\" target=\"_blank\">atelier d&rsquo;astrophysique observationnelle<\/a> (3 ECTS) qui se d\u00e9roule dans les coupoles du b\u00e2timent 13 (campus Triolet). Une UE d&rsquo;<a rel=\"noreferrer noopener\" href=\"https:\/\/formations.umontpellier.fr\/fr\/formations\/master-XB\/master-physique-fondamentale-et-applications-ME155\/astrophysique-IWVYR3WU\/m1-astro-ccp-KK6OTZE4\/anglais-KNR3PPQU.html\" target=\"_blank\">anglais<\/a> (2 ECTS) compl\u00e8te les 30 ECTS du semestre 1.<\/p>\n\n\n\n<figure class=\"wp-block-image size-large\"><img loading=\"lazy\" decoding=\"async\" width=\"1024\" height=\"185\" src=\"https:\/\/master-astrophysique.univ-lyon1.fr\/wp-content\/uploads\/S1_Montpellier_2021-2026-1024x185.png\" alt=\"\" class=\"wp-image-523\" srcset=\"https:\/\/master-astrophysique.univ-lyon1.fr\/wp-content\/uploads\/S1_Montpellier_2021-2026-1024x185.png 1024w, https:\/\/master-astrophysique.univ-lyon1.fr\/wp-content\/uploads\/S1_Montpellier_2021-2026-300x54.png 300w, https:\/\/master-astrophysique.univ-lyon1.fr\/wp-content\/uploads\/S1_Montpellier_2021-2026-768x138.png 768w, https:\/\/master-astrophysique.univ-lyon1.fr\/wp-content\/uploads\/S1_Montpellier_2021-2026-1536x277.png 1536w, https:\/\/master-astrophysique.univ-lyon1.fr\/wp-content\/uploads\/S1_Montpellier_2021-2026.png 1952w\" sizes=\"auto, (max-width: 706px) 89vw, (max-width: 767px) 82vw, 740px\" \/><\/figure>\n\n\n\n<h2 class=\"wp-block-heading\">Semestre 2<\/h2>\n\n\n\n<p>Le semestre 2 comprend encore deux UEs de physique fondamentale : <a href=\"https:\/\/formations.umontpellier.fr\/fr\/formations\/master-XB\/master-physique-fondamentale-et-applications-ME155\/astrophysique-IWVYR3WU\/m1-astro-ccp-KK6OTZE4\/physique-statistique-KNR3Q3KY.html\" target=\"_blank\" rel=\"noreferrer noopener\">physique statistique<\/a> et <a href=\"https:\/\/formations.umontpellier.fr\/fr\/formations\/master-XB\/master-physique-fondamentale-et-applications-ME155\/astrophysique-IWVYR3WU\/m1-astro-ccp-KK6OTZE4\/physique-quantique-avance-KNR3Q3IM.html\" target=\"_blank\" rel=\"noreferrer noopener\">physique quantique avanc\u00e9e<\/a>, de 6 ECTS chacune, mais est plus sp\u00e9cialis\u00e9 avec notamment les cours de base en <a href=\"https:\/\/formations.umontpellier.fr\/fr\/formations\/master-XB\/master-physique-fondamentale-et-applications-ME155\/astrophysique-IWVYR3WU\/m1-astro-ccp-KK6OTZE4\/astroparticules-1-KNR3Q3MY.html\" target=\"_blank\" rel=\"noreferrer noopener\">astroparticules<\/a> (3 ECTS), <a href=\"https:\/\/formations.umontpellier.fr\/fr\/formations\/master-XB\/master-physique-fondamentale-et-applications-ME155\/astrophysique-IWVYR3WU\/m1-astro-ccp-KK6OTZE4\/physique-des-particules-1-KNR3Q3RK.html\" target=\"_blank\" rel=\"noreferrer noopener\">physique des particules<\/a> (3 ECTS), et <a href=\"https:\/\/formations.umontpellier.fr\/fr\/formations\/master-XB\/master-physique-fondamentale-et-applications-ME155\/astrophysique-IWVYR3WU\/m1-astro-ccp-KK6OTZE4\/dynamique-des-fluides-en-astrophysique-et-cosmologie-KNR3Q3P9.html\" target=\"_blank\" rel=\"noreferrer noopener\">dynamique des fluides en astrophysique et cosmologie<\/a> (2 ECTS). Un <a href=\"https:\/\/formations.umontpellier.fr\/fr\/formations\/master-XB\/master-physique-fondamentale-et-applications-ME155\/astrophysique-IWVYR3WU\/m1-astro-ccp-KK6OTZE4\/stage-m1-astro-ccp-KNR3Q3TR.html\" target=\"_blank\" rel=\"noreferrer noopener\">stage<\/a> de fin d\u2019ann\u00e9e de 7 semaines en laboratoire permet aux \u00e9tudiants de se familiariser avec les m\u00e9tiers de la recherche.<\/p>\n\n\n\n<figure class=\"wp-block-image size-large\"><img loading=\"lazy\" decoding=\"async\" width=\"1024\" height=\"185\" src=\"https:\/\/master-astrophysique.univ-lyon1.fr\/wp-content\/uploads\/S2_Montpellier_2021-2026-1024x185.png\" alt=\"\" class=\"wp-image-524\" srcset=\"https:\/\/master-astrophysique.univ-lyon1.fr\/wp-content\/uploads\/S2_Montpellier_2021-2026-1024x185.png 1024w, https:\/\/master-astrophysique.univ-lyon1.fr\/wp-content\/uploads\/S2_Montpellier_2021-2026-300x54.png 300w, https:\/\/master-astrophysique.univ-lyon1.fr\/wp-content\/uploads\/S2_Montpellier_2021-2026-768x138.png 768w, https:\/\/master-astrophysique.univ-lyon1.fr\/wp-content\/uploads\/S2_Montpellier_2021-2026-1536x277.png 1536w, https:\/\/master-astrophysique.univ-lyon1.fr\/wp-content\/uploads\/S2_Montpellier_2021-2026.png 1952w\" sizes=\"auto, (max-width: 706px) 89vw, (max-width: 767px) 82vw, 740px\" \/><\/figure>\n\n\n\n<p><br><\/p>\n\n\n\n<div class=\"wp-block-image\"><figure class=\"aligncenter is-resized\"><img loading=\"lazy\" decoding=\"async\" src=\"https:\/\/master-astrophysique.univ-lyon1.fr\/wp-content\/uploads\/2019\/02\/UM-e1550664237798.png\" alt=\"\" class=\"wp-image-163\" width=\"291\" height=\"90\"\/><\/figure><\/div>\n","protected":false},"excerpt":{"rendered":"<p>En premi\u00e8re ann\u00e9e, commune avec le parcours CCP (Cosmos, Champs et Particules), l\u2019\u00e9tudiant se familiarise avec les bases de la physique fondamentale. Semestre 1 Le semestre 1 est en partie mutualis\u00e9 avec les autres parcours, avec quatre unit\u00e9s d\u2019enseignement (UE) de physique fondamentale : physique exp\u00e9rimentale (5 ECTS), atomes, mol\u00e9cules et rayonnement (5 ECTS), mod\u00e9lisation &hellip; <\/p>\n<p class=\"link-more\"><a href=\"https:\/\/master-astrophysique.univ-lyon1.fr\/index.php\/m1-a-montpellier\/\" class=\"more-link\">Continuer la lecture<span class=\"screen-reader-text\"> de &laquo;&nbsp;M1 \u00e0 Montpellier&nbsp;&raquo;<\/span><\/a><\/p>\n","protected":false},"author":1,"featured_media":0,"parent":0,"menu_order":0,"comment_status":"closed","ping_status":"open","template":"","meta":{"footnotes":""},"class_list":["post-35","page","type-page","status-publish","hentry"],"_links":{"self":[{"href":"https:\/\/master-astrophysique.univ-lyon1.fr\/index.php\/wp-json\/wp\/v2\/pages\/35","targetHints":{"allow":["GET"]}}],"collection":[{"href":"https:\/\/master-astrophysique.univ-lyon1.fr\/index.php\/wp-json\/wp\/v2\/pages"}],"about":[{"href":"https:\/\/master-astrophysique.univ-lyon1.fr\/index.php\/wp-json\/wp\/v2\/types\/page"}],"author":[{"embeddable":true,"href":"https:\/\/master-astrophysique.univ-lyon1.fr\/index.php\/wp-json\/wp\/v2\/users\/1"}],"replies":[{"embeddable":true,"href":"https:\/\/master-astrophysique.univ-lyon1.fr\/index.php\/wp-json\/wp\/v2\/comments?post=35"}],"version-history":[{"count":16,"href":"https:\/\/master-astrophysique.univ-lyon1.fr\/index.php\/wp-json\/wp\/v2\/pages\/35\/revisions"}],"predecessor-version":[{"id":526,"href":"https:\/\/master-astrophysique.univ-lyon1.fr\/index.php\/wp-json\/wp\/v2\/pages\/35\/revisions\/526"}],"wp:attachment":[{"href":"https:\/\/master-astrophysique.univ-lyon1.fr\/index.php\/wp-json\/wp\/v2\/media?parent=35"}],"curies":[{"name":"wp","href":"https:\/\/api.w.org\/{rel}","templated":true}]}}