{"id":201,"date":"2019-02-14T16:30:20","date_gmt":"2019-02-14T15:30:20","guid":{"rendered":"https:\/\/master-astrophysique.univ-lyon1.fr\/?page_id=201"},"modified":"2021-08-06T16:51:44","modified_gmt":"2021-08-06T14:51:44","slug":"instrumentation-astrophysique","status":"publish","type":"page","link":"https:\/\/master-astrophysique.univ-lyon1.fr\/index.php\/instrumentation-astrophysique\/","title":{"rendered":"Instrumentation Astrophysique"},"content":{"rendered":"\n<p>36h de cours, 6 ECTS<\/p>\n\n\n\n<p><strong>Responsables :<\/strong> <a href=\"mailto:eric.thiebaut@univ-lyon1.fr\">\u00c9ric Thi\u00e9baut<\/a> et <a href=\"mailto:maud.langlois@univ-lyon1.fr\">Maud Langlois-Moretto<\/a> (Universit\u00e9 Claude Bernard Lyon 1)<\/p>\n\n\n\n<p>Cette UE pr\u00e9sente les instruments de l\u2019astrophysique et les outils de traitement du signal associ\u00e9s \u00e0 leur exploitation. L\u2019accent est mis sur les instruments de haute r\u00e9solution angulaire et de haut contraste (interf\u00e9rom\u00e9trie, optique adaptative, coronographie,\u2026). Par ailleurs, cette UE introduit les bases de traitement num\u00e9rique du signal et pr\u00e9sente une m\u00e9thodologie g\u00e9n\u00e9rale, bas\u00e9e sur une mod\u00e9lisation des effets instrumentaux, pour la reconstruction d\u2019image ou l\u2019exploitation optimale des mesures.<\/p>\n\n\n\n<p><strong>Objectifs :<\/strong><\/p>\n\n\n\n<p>Cette UE vise \u00e0 expliquer les principes de fonctionnement d\u2019un certains nombre d\u2019instruments exploit\u00e9s en astrophysique. Cette compr\u00e9hension est n\u00e9cessaire pour \u00e9valuer les performances mais aussi les limites des instruments existants. Cette UE donne les bases m\u00e9thodologiques de la conception instrumentale et du traitement num\u00e9rique du signal et des images.<\/p>\n\n\n\n<p><strong>Contenu :<\/strong><\/p>\n\n\n\n<ul class=\"wp-block-list\"><li>Traitement du signal<\/li><\/ul>\n\n\n\n<ol class=\"wp-block-list\"><li>Mod\u00e9lisation des effets instrumentaux<\/li><li>Statistique des signaux al\u00e9atoires<\/li><li>Approche probl\u00e8mes inverses<\/li><li>Optimisation sous contraintes<\/li><li>Estimateurs maximum de vraisemblance \/ maximum a posteriori<\/li><li>Probl\u00e8mes de reconstruction<\/li><li>Probl\u00e8mes de d\u00e9tection<\/li><\/ol>\n\n\n\n<ul class=\"wp-block-list\"><li>Instrumentation astrophysique<\/li><\/ul>\n\n\n\n<ol class=\"wp-block-list\"><li>Formation des images et r\u00e9solution angulaire<\/li><li>T\u00e9lescopes<\/li><li>Conception optique<\/li><li>Aberrations optiques<\/li><li>Turbulence atmosph\u00e9rique<\/li><li>Optique adaptative<\/li><li>Imagerie \u00e0 haut contraste<\/li><li>Interf\u00e9rom\u00e9trie stellaire<\/li><li>Polarim\u00e9trie<\/li><li>Instrumentation pour la d\u00e9tection directe des exoplan\u00e8tes<\/li><\/ol>\n","protected":false},"excerpt":{"rendered":"<p>36h de cours, 6 ECTS Responsables : \u00c9ric Thi\u00e9baut et Maud Langlois-Moretto (Universit\u00e9 Claude Bernard Lyon 1) Cette UE pr\u00e9sente les instruments de l\u2019astrophysique et les outils de traitement du signal associ\u00e9s \u00e0 leur exploitation. L\u2019accent est mis sur les instruments de haute r\u00e9solution angulaire et de haut contraste (interf\u00e9rom\u00e9trie, optique adaptative, coronographie,\u2026). Par ailleurs, &hellip; <\/p>\n<p class=\"link-more\"><a href=\"https:\/\/master-astrophysique.univ-lyon1.fr\/index.php\/instrumentation-astrophysique\/\" class=\"more-link\">Continuer la lecture<span class=\"screen-reader-text\"> de &laquo;&nbsp;Instrumentation Astrophysique&nbsp;&raquo;<\/span><\/a><\/p>\n","protected":false},"author":1,"featured_media":0,"parent":0,"menu_order":0,"comment_status":"closed","ping_status":"closed","template":"","meta":{"footnotes":""},"class_list":["post-201","page","type-page","status-publish","hentry"],"_links":{"self":[{"href":"https:\/\/master-astrophysique.univ-lyon1.fr\/index.php\/wp-json\/wp\/v2\/pages\/201","targetHints":{"allow":["GET"]}}],"collection":[{"href":"https:\/\/master-astrophysique.univ-lyon1.fr\/index.php\/wp-json\/wp\/v2\/pages"}],"about":[{"href":"https:\/\/master-astrophysique.univ-lyon1.fr\/index.php\/wp-json\/wp\/v2\/types\/page"}],"author":[{"embeddable":true,"href":"https:\/\/master-astrophysique.univ-lyon1.fr\/index.php\/wp-json\/wp\/v2\/users\/1"}],"replies":[{"embeddable":true,"href":"https:\/\/master-astrophysique.univ-lyon1.fr\/index.php\/wp-json\/wp\/v2\/comments?post=201"}],"version-history":[{"count":3,"href":"https:\/\/master-astrophysique.univ-lyon1.fr\/index.php\/wp-json\/wp\/v2\/pages\/201\/revisions"}],"predecessor-version":[{"id":515,"href":"https:\/\/master-astrophysique.univ-lyon1.fr\/index.php\/wp-json\/wp\/v2\/pages\/201\/revisions\/515"}],"wp:attachment":[{"href":"https:\/\/master-astrophysique.univ-lyon1.fr\/index.php\/wp-json\/wp\/v2\/media?parent=201"}],"curies":[{"name":"wp","href":"https:\/\/api.w.org\/{rel}","templated":true}]}}